**3 + 8*f**2 + 8*f + 6. Let b be p(9). What is the tens digit of (16/(-4) - b)*-33?
3
Suppose -3*g + 4*o = 2*o - 235, -370 = -5*g - o. What is the tens digit of g?
7
Let v = 21 + -35. What is the tens digit of 2/7 + (-178)/v?
1
Suppose 0 = 5*n - 8*n. Let c = n - -12. What is the tens digit of c?
1
Let w(x) = -x. Let r be w(-2). Suppose 0*h - 18 = -2*h - r*l, 0 = -3*l + 6. What is the units digit of h?
7
Let f(s) = -2*s**2 + 45*s - 41. What is the tens digit of f(20)?
5
Let l be (0 + -1)*-61 - 0. Suppose 2*k = -0*d + 2*d + 26, -4*k = -d - l. What is the units digit of k?
6
What is the tens digit of (-276)/(-10) + 14/35?
2
Let k = 6 - 3. Suppose 0 = 2*m - k*m - 7. Let v(o) = o**2 + 4*o - 9. What is the tens digit of v(m)?
1
Let p(z) = -z**2 + 14*z. Suppose -5*k = 3*j - 40, -k + 0*j + 3*j + 26 = 0. What is the tens digit of p(k)?
3
Let c(h) = h**3 + 6*h**2 + 4*h + 3. Let v be c(-5). Suppose 10 = v*w - 6*w. What is the units digit of w?
5
Let j = 180 - 139. What is the tens digit of j?
4
Let c(b) = b**3 + 3*b**2 + 2*b + 3. Let m be c(-2). Suppose -2*v = v. Suppose m*j - 4*j + 7 = v. What is the units digit of j?
7
What is the tens digit of (-18)/(-12)*200/6?
5
Suppose -3*p - 2*y = -40, -4*p = 2*y + y - 55. Let b = -6 + p. Let n = b - 1. What is the units digit of n?
3
Suppose 2*t + 5*r - 19 = 0, -2*t + r + 2 = 1. Suppose 0*c = t*c - 2. Suppose -2 - c = -o. What is the units digit of o?
3
Suppose -2*l + 6 = l. Suppose 4*g - l*g = 8. Suppose x = g*d - 21, 4*x - 7 = 2*d - 21. What is the units digit of d?
5
Let v(r) = -r**2 - 13*r + 4. Let a = -19 - -6. What is the units digit of v(a)?
4
Let h = 290 + -177. What is the hundreds digit of h?
1
Let d = 0 - -5. Suppose -d*b + 20 = -10. What is the units digit of b?
6
Let x = 4 - 4. Suppose 3*i - 66 = -x*i. What is the tens digit of i?
2
Let p be (-1)/(((-1)/2)/1). Suppose 5*s - p*a - 15 = -4*a, -12 = -4*s + a. Suppose -2*j - 10 = -4*b, -9 = -0*j + s*j. What is the units digit of b?
1
Let r = -86 - -129. What is the units digit of r?
3
Let j(c) = -c**2 + 2*c**3 + 6*c - 2 - 3*c**3 - 5*c. What is the tens digit of j(-3)?
1
Let r(g) = g**2 + 8*g + 8. Let v be r(-7). Let y = v + 0. What is the units digit of y?
1
Suppose 0 = -x - 14 - 6. Let i(p) = -3*p + 8. Let w be i(14). Let z = x - w. What is the units digit of z?
4
Suppose 369 = 5*t + 89. What is the units digit of (-2)/6 - t/(-6)?
9
Let l(d) = -5*d - 4 + 0*d + d. Let r be l(-4). What is the units digit of (1 + r/(-9))*-6?
2
Let b(g) = g + 1. Let r(a) = -1. Let m(t) = -3*b(t) + 3*r(t). What is the units digit of m(-4)?
6
Let p = -17 + -45. What is the tens digit of p/(-6) - 4/(-6)?
1
Let u(a) = -a**2 - 8*a + 4. Let r = -25 - -17. Let q be (r - -1)*(1 + 0). What is the tens digit of u(q)?
1
Let a be (10/15)/((-4)/(-66)). Let j = -6 + a. Suppose -2*z + j*z = 6. What is the units digit of z?
2
Let y(x) = -3*x**3 - 3*x**2 + x + 2. What is the tens digit of y(-2)?
1
Let t be -5*(-1)/(-5)*4. Let a = t + 14. What is the tens digit of a?
1
Suppose 0 = -4*u + 392 + 104. What is the units digit of u?
4
Let x = 87 + -62. What is the tens digit of x?
2
Let g = 0 + 5. Let f = -4 + g. Suppose 0 = -5*u + 2*i + 64, -f = 2*i + 3. What is the units digit of u?
2
Suppose -5*c - 41 = -0*c + 3*h, 0 = -2*c + 2*h - 26. Let t be (12/(-8))/(3/c). What is the units digit of (-2*(-2 + t))/(-1)?
6
Suppose 5*b = -10, -3*b + 4*b = 2*h - 46. What is the tens digit of h?
2
What is the tens digit of 1*164 + (-12 + 8)*1?
6
Suppose -6*d - 236 = -734. What is the tens digit of d?
8
Suppose 3*j + 2*j - 100 = 0. Suppose -j = -n - n. What is the units digit of n?
0
Let k = -91 - -106. What is the units digit of k?
5
Suppose 2 = 3*w - 1. Suppose b + 4*d = d + 2, 0 = b + 4*d + w. What is the units digit of b?
1
Let i(a) = -10*a + 1. What is the units digit of i(-5)?
1
Let t(a) = -a**2 - 13*a + 12. What is the tens digit of t(-12)?
2
Let u(a) = 2*a**2 + 2*a + 2. What is the tens digit of u(-4)?
2
Let u be (18/15)/(2/15). Suppose 0 = 4*r - u*r + 70. What is the units digit of r?
4
Suppose 6*c - c = 45. Let h = 11 - c. What is the units digit of h?
2
Let q(j) = -4*j - 5. Let d(l) = 7*l + 10. Let b(o) = -3*d(o) - 5*q(o). Let r be b(-5). Let c = r - -8. What is the units digit of c?
8
Let u = 25 + -21. Suppose 0 = 3*q - u*q + 38. What is the units digit of q?
8
Let i(f) = f**3 + 5*f**2 + 2*f - 2. Suppose 3*k = 6 + 24. Suppose 2*x + 0 = -t - 9, 2*t + k = -2*x. What is the units digit of i(x)?
6
Let x(h) = h + 12. Suppose -4*c = 5*z + 29, 5*c = 6 + 14. Let r be x(z). Suppose r*d + 6 = 6*d. What is the units digit of d?
2
Let j(x) = -3*x + 1. Let b be j(2). Let v be (-4)/(-2) + 84/12. Let t = v + b. What is the units digit of t?
4
Let x be (4/(-2))/((-5)/265). What is the units digit of (-12)/(-54) + x/9?
2
What is the tens digit of 196*(-4)/(-2*4)?
9
Suppose 0 = 2*f + n - 204 - 42, 3*f - 2*n - 362 = 0. What is the units digit of f?
2
Suppose -2*d - 31 = -3*d. What is the tens digit of d?
3
Suppose u + 0 - 20 = 0. What is the tens digit of u?
2
Let h(n) = 9*n**2 + n + 1. What is the units digit of h(-2)?
5
Let s be -10 - (1 - (1 - 1)). Let h be -40*((-8)/(-70) - (-2)/7). Let z = s - h. What is the units digit of z?
5
Suppose -5*k + 3*l = -3, 5*l = -k + 19 + 4. What is the units digit of k?
3
Let s(h) = -h**2 - h + 107. What is the units digit of s(0)?
7
Let y = 131 + -34. What is the units digit of y?
7
Let k = -8 - -13. Suppose -i + 32 = -3*w, 5*w = k - 20. What is the units digit of i?
3
Suppose -296 = -3*m - 95. Suppose -2*d - 4*a = 3*d - m, 83 = 5*d - 4*a. What is the units digit of d?
5
Suppose -19 - 166 = -5*r. What is the tens digit of r?
3
Let n(g) = -7*g + 1. Let h be n(1). What is the units digit of (12 - 0) + h + 7?
3
Let q = -17 - -20. Suppose -32 = q*p - 7*p. What is the units digit of p?
8
Let y(b) = -11*b + 12. Let u be y(-6). Suppose -2*k + 0*k = -u. What is the tens digit of k?
3
Let u(k) = -k**3 - k. Let n(z) = 6*z**3 + 3*z - 1. Let x(y) = n(y) + 3*u(y). Let i be x(-1). What is the units digit of i/6*45/(-6)?
5
Let u be 11/((-11)/(-6)) - 0. Suppose -4*b + 74 = -u. What is the tens digit of b?
2
Let l = -120 - -43. What is the tens digit of (-2)/5 + l/(-5)?
1
Let o = 2 - -2. Let m be o/10 - (-13)/5. Suppose t - m = -0*t. What is the units digit of t?
3
Suppose -i - i + 192 = 0. What is the tens digit of i?
9
Let p(h) = -99*h - 2. What is the tens digit of p(-1)?
9
Suppose 0 = -3*j - 5*r - 1, -1 = -3*j - 2*r - 2*r. Suppose 81 = 3*y + j*b - 0*b, 5*y - 125 = 5*b. Let f = y + -14. What is the units digit of f?
2
Let c = -2 + 1. Let g(h) = -h**2 - h. Let o(m) = -3*m**3 - 4*m**2 - 3*m + 1. Let z(j) = c*o(j) + 3*g(j). What is the units digit of z(1)?
3
Suppose -3*p + 62 = -0*p + 2*v, -40 = -2*p - v. What is the units digit of 2/(-12) - (-111)/p?
6
Suppose 5*o - 10*o - 10 = 0. Let z be ((-33)/(-6))/(o/4). Let x = -6 - z. What is the units digit of x?
5
Suppose 5*v + 39 = 184. What is the units digit of v?
9
Suppose -2*j - 3 = 3*t + 4, 0 = t - 5*j - 26. What is the units digit of (t - (-1)/(-1)) + 1?
1
Let m(p) = p**2 + 6*p - 10. What is the tens digit of m(4)?
3
Let t(w) = w**2 + w + 0*w + w - 6. What is the tens digit of t(-7)?
2
Suppose -3 = 5*i + 12. Let s = i + 6. What is the units digit of s?
3
Let s = 26 - 46. Let a = 45 + -14. Let n = a + s. What is the units digit of n?
1
Let f(n) = n**3 + n + 5. Suppose j + 8 = 2*j + d, -26 = -3*j - 4*d. Let u be (-8)/(-12) + (-4)/j. What is the units digit of f(u)?
5
Let o(n) = 3*n**2 - 13*n - 5. What is the units digit of o(-6)?
1
What is the units digit of (-6)/(-4) - (-93)/6?
7
What is the units digit of 314*(-1)/(3/((-9)/6))?
7
Let t(z) = 11*z + 9. What is the units digit of t(12)?
1
Let w = 0 + -1. Let t = 2 - w. Suppose -3*l + t = -12. What is the units digit of l?
5
Let n(k) = 2*k - 1. Let o(g) be the third derivative of g**4/24 - 3*g**2. Let u(d) = -6*n(d) + 13*o(d). What is the units digit of u(-5)?
1
Suppose 2*j = -4*k + 6*k + 224, -4*j + 440 = 4*k. What is the hundreds digit of j?
1
Let t(c) = -c - 13. Let f be t(-13). Let w = -8 - -1. Let x = f - w. What is the units digit of x?
7
Let w = 72 + -14. What is the units digit of w?
8
Suppose -86 - 364 = -5*m + 5*s, 3*m - 265 = 4*s. What is the units digit of m?
5
Suppose 0 = -3*p + 86 + 